{"id":176,"date":"2024-12-08T19:04:26","date_gmt":"2024-12-08T18:04:26","guid":{"rendered":"https:\/\/billardclubcastrais.fr\/?page_id=176"},"modified":"2025-02-06T09:41:53","modified_gmt":"2025-02-06T08:41:53","slug":"documents-a-telecharger","status":"publish","type":"page","link":"https:\/\/billardclubcastrais.fr\/?page_id=176","title":{"rendered":"Documents \u00e0 t\u00e9l\u00e9charger"},"content":{"rendered":"\n<div class=\"wp-block-group alignfull has-global-padding is-layout-constrained wp-container-core-group-is-layout-d89aad35 wp-block-group-is-layout-constrained\" style=\"margin-top:0;margin-bottom:0;padding-top:var(--wp--preset--spacing--50);padding-right:var(--wp--preset--spacing--50);padding-bottom:var(--wp--preset--spacing--50);padding-left:var(--wp--preset--spacing--50)\">\n<div class=\"wp-block-group alignwide has-global-padding is-layout-constrained wp-container-core-group-is-layout-19e250f3 wp-block-group-is-layout-constrained\">\n<div class=\"wp-block-group is-vertical is-content-justification-center is-layout-flex wp-container-core-group-is-layout-6329a8f3 wp-block-group-is-layout-flex\">\n<h2 class=\"wp-block-heading has-text-align-center is-style-default\">Documents d&rsquo;entra\u00eenement et d&rsquo;\u00e9valuation<\/h2>\n\n\n\n<p class=\"has-text-align-center\">Vous trouverez ci-dessous tous les documents utiles aux joueurs et aux animateurs pour permettre un entra\u00eenement et un suivi d&rsquo;apprentissage des deux disciplines propos\u00e9es au club<\/p>\n<\/div>\n\n\n\n<div style=\"height:var(--wp--preset--spacing--40)\" aria-hidden=\"true\" class=\"wp-block-spacer\"><\/div>\n\n\n\n<div class=\"wp-block-columns alignwide is-layout-flex wp-container-core-columns-is-layout-d1c656ed wp-block-columns-is-layout-flex\">\n<div class=\"wp-block-column is-vertically-aligned-center is-layout-flow wp-block-column-is-layout-flow\" style=\"flex-basis:40%\">\n<h3 class=\"wp-block-heading is-style-default\">Discipline Carambole<\/h3>\n\n\n\n<div class=\"wp-block-file\"><a id=\"wp-block-file--media-78626d7c-fb25-4027-b66a-e3fa227a7396\" href=\"https:\/\/billardclubcastrais.fr\/wp-content\/uploads\/2024\/12\/cahier-NT1-Carambole-2015.pdf\">cahier NT1 Carambole 2015<\/a><a href=\"https:\/\/billardclubcastrais.fr\/wp-content\/uploads\/2024\/12\/cahier-NT1-Carambole-2015.pdf\" class=\"wp-block-file__button wp-element-button\" download aria-describedby=\"wp-block-file--media-78626d7c-fb25-4027-b66a-e3fa227a7396\">T\u00e9l\u00e9charger<\/a><\/div>\n\n\n\n<div class=\"wp-block-file\"><a id=\"wp-block-file--media-bfa6c030-47ba-41b3-8213-d860e198f93f\" href=\"https:\/\/billardclubcastrais.fr\/wp-content\/uploads\/2024\/12\/cahier-NT2-Carambole-2015.pdf\">cahier NT2 Carambole 2015<\/a><a href=\"https:\/\/billardclubcastrais.fr\/wp-content\/uploads\/2024\/12\/cahier-NT2-Carambole-2015.pdf\" class=\"wp-block-file__button wp-element-button\" download aria-describedby=\"wp-block-file--media-bfa6c030-47ba-41b3-8213-d860e198f93f\">T\u00e9l\u00e9charger<\/a><\/div>\n\n\n\n<div class=\"wp-block-file\"><a id=\"wp-block-file--media-eb003ec6-611e-4527-81ff-7d8dfde9969e\" href=\"https:\/\/billardclubcastrais.fr\/wp-content\/uploads\/2024\/12\/cahier-NT3-Carambole-2015.pdf\">cahier NT3 Carambole 2015<\/a><a href=\"https:\/\/billardclubcastrais.fr\/wp-content\/uploads\/2024\/12\/cahier-NT3-Carambole-2015.pdf\" class=\"wp-block-file__button wp-element-button\" download aria-describedby=\"wp-block-file--media-eb003ec6-611e-4527-81ff-7d8dfde9969e\">T\u00e9l\u00e9charger<\/a><\/div>\n\n\n\n<div class=\"wp-block-file\"><a id=\"wp-block-file--media-aac21e56-3cea-475f-8715-f2db8dd4ef2b\" href=\"https:\/\/billardclubcastrais.fr\/wp-content\/uploads\/2024\/12\/cahier-NT1-Carambole-3-Bandes-2015.pdf\">cahier NT1 Carambole 3 Bandes 2015<\/a><a href=\"https:\/\/billardclubcastrais.fr\/wp-content\/uploads\/2024\/12\/cahier-NT1-Carambole-3-Bandes-2015.pdf\" class=\"wp-block-file__button wp-element-button\" download aria-describedby=\"wp-block-file--media-aac21e56-3cea-475f-8715-f2db8dd4ef2b\">T\u00e9l\u00e9charger<\/a><\/div>\n\n\n\n<div class=\"wp-block-file\"><a id=\"wp-block-file--media-f0fdda3f-5a04-4843-a41b-a90880f7df0b\" href=\"https:\/\/billardclubcastrais.fr\/wp-content\/uploads\/2024\/12\/Diplome_federal_aptitude-carambole.pdf\">Diplome_f\u00e9d\u00e9ral_aptitude-carambole<\/a><a href=\"https:\/\/billardclubcastrais.fr\/wp-content\/uploads\/2024\/12\/Diplome_federal_aptitude-carambole.pdf\" class=\"wp-block-file__button wp-element-button\" download aria-describedby=\"wp-block-file--media-f0fdda3f-5a04-4843-a41b-a90880f7df0b\">T\u00e9l\u00e9charger<\/a><\/div>\n<\/div>\n\n\n\n<div class=\"wp-block-column is-layout-flow wp-block-column-is-layout-flow\" style=\"flex-basis:50%\">\n<figure class=\"wp-block-image size-large is-style-rounded is-style-rounded--1\"><img loading=\"lazy\" decoding=\"async\" width=\"1024\" height=\"683\" src=\"https:\/\/billardclubcastrais.fr\/wp-content\/uploads\/2024\/04\/carambole_home-1024x683.jpg\" alt=\"\" class=\"wp-image-26\" srcset=\"https:\/\/billardclubcastrais.fr\/wp-content\/uploads\/2024\/04\/carambole_home-1024x683.jpg 1024w, https:\/\/billardclubcastrais.fr\/wp-content\/uploads\/2024\/04\/carambole_home-300x200.jpg 300w, https:\/\/billardclubcastrais.fr\/wp-content\/uploads\/2024\/04\/carambole_home-768x512.jpg 768w, https:\/\/billardclubcastrais.fr\/wp-content\/uploads\/2024\/04\/carambole_home.jpg 1280w\" sizes=\"auto, (max-width: 1024px) 100vw, 1024px\" \/><\/figure>\n<\/div>\n<\/div>\n\n\n\n<div style=\"height:var(--wp--preset--spacing--40)\" aria-hidden=\"true\" class=\"wp-block-spacer\"><\/div>\n\n\n\n<div class=\"wp-block-columns alignwide is-layout-flex wp-container-core-columns-is-layout-d1c656ed wp-block-columns-is-layout-flex\">\n<div class=\"wp-block-column is-layout-flow wp-block-column-is-layout-flow\" style=\"flex-basis:50%\">\n<figure class=\"wp-block-image size-large is-style-rounded is-style-rounded--2\"><img loading=\"lazy\" decoding=\"async\" width=\"1024\" height=\"683\" src=\"https:\/\/billardclubcastrais.fr\/wp-content\/uploads\/2024\/04\/pool_home-1-1024x683.jpg\" alt=\"\" class=\"wp-image-27\" srcset=\"https:\/\/billardclubcastrais.fr\/wp-content\/uploads\/2024\/04\/pool_home-1-1024x683.jpg 1024w, https:\/\/billardclubcastrais.fr\/wp-content\/uploads\/2024\/04\/pool_home-1-300x200.jpg 300w, https:\/\/billardclubcastrais.fr\/wp-content\/uploads\/2024\/04\/pool_home-1-768x512.jpg 768w, https:\/\/billardclubcastrais.fr\/wp-content\/uploads\/2024\/04\/pool_home-1.jpg 1280w\" sizes=\"auto, (max-width: 1024px) 100vw, 1024px\" \/><\/figure>\n<\/div>\n\n\n\n<div class=\"wp-block-column is-vertically-aligned-center is-layout-flow wp-block-column-is-layout-flow\" style=\"flex-basis:40%\">\n<h3 class=\"wp-block-heading is-style-default\">Discipline Blackball<\/h3>\n\n\n\n<div class=\"wp-block-file\"><a id=\"wp-block-file--media-8b91553c-ffb4-4fe2-80cf-5a57c488e234\" href=\"https:\/\/billardclubcastrais.fr\/wp-content\/uploads\/2024\/12\/cahier-technique-debutant-bap.pdf\">cahier-technique-debutant-bap<\/a><a href=\"https:\/\/billardclubcastrais.fr\/wp-content\/uploads\/2024\/12\/cahier-technique-debutant-bap.pdf\" class=\"wp-block-file__button wp-element-button\" download aria-describedby=\"wp-block-file--media-8b91553c-ffb4-4fe2-80cf-5a57c488e234\">T\u00e9l\u00e9charger<\/a><\/div>\n\n\n\n<div class=\"wp-block-file\"><a id=\"wp-block-file--media-f375d63c-4f6f-47ce-94f0-e7ca2dbc36c5\" href=\"https:\/\/billardclubcastrais.fr\/wp-content\/uploads\/2024\/12\/Diplome_federal_aptitude-blackball.pdf\">Diplome_f\u00e9d\u00e9ral_aptitude-blackball<\/a><a href=\"https:\/\/billardclubcastrais.fr\/wp-content\/uploads\/2024\/12\/Diplome_federal_aptitude-blackball.pdf\" class=\"wp-block-file__button wp-element-button\" download aria-describedby=\"wp-block-file--media-f375d63c-4f6f-47ce-94f0-e7ca2dbc36c5\">T\u00e9l\u00e9charger<\/a><\/div>\n\n\n\n<div class=\"wp-block-file\"><a id=\"wp-block-file--media-dd271715-9359-40c5-9e85-6d55918d099d\" href=\"https:\/\/billardclubcastrais.fr\/wp-content\/uploads\/2025\/02\/regles-simplifiees-blackball.pdf\">regles-simplifiees-blackball<\/a><a href=\"https:\/\/billardclubcastrais.fr\/wp-content\/uploads\/2025\/02\/regles-simplifiees-blackball.pdf\" class=\"wp-block-file__button wp-element-button\" download aria-describedby=\"wp-block-file--media-dd271715-9359-40c5-9e85-6d55918d099d\">T\u00e9l\u00e9charger<\/a><\/div>\n<\/div>\n<\/div>\n<\/div>\n<\/div>\n\n\n\n<h2 class=\"wp-block-heading has-text-align-center is-style-default\">Documents officiels et sportifs<\/h2>\n\n\n\n<p class=\"has-text-align-center\">Vous trouverez ci-dessous tous les documents en lien avec la comp\u00e9tition du billard<\/p>\n\n\n\n<div class=\"wp-block-columns alignwide is-layout-flex wp-container-core-columns-is-layout-d1c656ed wp-block-columns-is-layout-flex\">\n<div class=\"wp-block-column is-vertically-aligned-center is-layout-flow wp-block-column-is-layout-flow\" style=\"flex-basis:40%\">\n<h3 class=\"wp-block-heading is-style-default\">Toutes disciplines &#8211; FFB<\/h3>\n\n\n\n<div class=\"wp-block-file\"><a id=\"wp-block-file--media-8f119b83-854f-4911-b4ca-f749c235fc24\" href=\"https:\/\/billardclubcastrais.fr\/wp-content\/uploads\/2024\/12\/code-sportif-carambole-2024-2025.pdf\">code-sportif-carambole-2024-2025<\/a><a href=\"https:\/\/billardclubcastrais.fr\/wp-content\/uploads\/2024\/12\/code-sportif-carambole-2024-2025.pdf\" class=\"wp-block-file__button wp-element-button\" download aria-describedby=\"wp-block-file--media-8f119b83-854f-4911-b4ca-f749c235fc24\">T\u00e9l\u00e9charger<\/a><\/div>\n\n\n\n<div class=\"wp-block-file\"><a id=\"wp-block-file--media-32c64ad1-1054-40cb-8be4-52d39d55acf0\" href=\"https:\/\/billardclubcastrais.fr\/wp-content\/uploads\/2024\/12\/code-sportif-blackball-2024-25.pdf\">code-sportif-blackball-2024-25<\/a><a href=\"https:\/\/billardclubcastrais.fr\/wp-content\/uploads\/2024\/12\/code-sportif-blackball-2024-25.pdf\" class=\"wp-block-file__button wp-element-button\" download aria-describedby=\"wp-block-file--media-32c64ad1-1054-40cb-8be4-52d39d55acf0\">T\u00e9l\u00e9charger<\/a><\/div>\n<\/div>\n\n\n\n<div class=\"wp-block-column is-layout-flow wp-block-column-is-layout-flow\" style=\"flex-basis:50%\">\n<figure class=\"wp-block-image size-full is-style-rounded is-style-rounded--3\"><img loading=\"lazy\" decoding=\"async\" width=\"474\" height=\"474\" src=\"https:\/\/billardclubcastrais.fr\/wp-content\/uploads\/2024\/12\/logoFFB.jpeg\" alt=\"\" class=\"wp-image-196\" srcset=\"https:\/\/billardclubcastrais.fr\/wp-content\/uploads\/2024\/12\/logoFFB.jpeg 474w, https:\/\/billardclubcastrais.fr\/wp-content\/uploads\/2024\/12\/logoFFB-300x300.jpeg 300w, https:\/\/billardclubcastrais.fr\/wp-content\/uploads\/2024\/12\/logoFFB-150x150.jpeg 150w\" sizes=\"auto, (max-width: 474px) 100vw, 474px\" \/><\/figure>\n<\/div>\n<\/div>\n\n\n\n<div style=\"height:var(--wp--preset--spacing--40)\" aria-hidden=\"true\" class=\"wp-block-spacer\"><\/div>\n\n\n\n<p><\/p>\n\n\n\n<p><\/p>\n\n\n\n<p><\/p>\n","protected":false},"excerpt":{"rendered":"<p>Documents d&rsquo;entra\u00eenement et d&rsquo;\u00e9valuation Vous trouverez ci-dessous tous les documents utiles aux joueurs et aux animateurs pour permettre un entra\u00eenement et un suivi d&rsquo;apprentissage des deux disciplines propos\u00e9es au club Discipline Carambole Discipline Blackball Documents officiels et sportifs Vous trouverez ci-dessous tous les documents en lien avec la comp\u00e9tition du billard Toutes disciplines &#8211; FFB<\/p>\n","protected":false},"author":1,"featured_media":0,"parent":0,"menu_order":0,"comment_status":"closed","ping_status":"closed","template":"page-no-title","meta":{"footnotes":""},"class_list":["post-176","page","type-page","status-publish","hentry"],"_links":{"self":[{"href":"https:\/\/billardclubcastrais.fr\/index.php?rest_route=\/wp\/v2\/pages\/176","targetHints":{"allow":["GET"]}}],"collection":[{"href":"https:\/\/billardclubcastrais.fr\/index.php?rest_route=\/wp\/v2\/pages"}],"about":[{"href":"https:\/\/billardclubcastrais.fr\/index.php?rest_route=\/wp\/v2\/types\/page"}],"author":[{"embeddable":true,"href":"https:\/\/billardclubcastrais.fr\/index.php?rest_route=\/wp\/v2\/users\/1"}],"replies":[{"embeddable":true,"href":"https:\/\/billardclubcastrais.fr\/index.php?rest_route=%2Fwp%2Fv2%2Fcomments&post=176"}],"version-history":[{"count":9,"href":"https:\/\/billardclubcastrais.fr\/index.php?rest_route=\/wp\/v2\/pages\/176\/revisions"}],"predecessor-version":[{"id":247,"href":"https:\/\/billardclubcastrais.fr\/index.php?rest_route=\/wp\/v2\/pages\/176\/revisions\/247"}],"wp:attachment":[{"href":"https:\/\/billardclubcastrais.fr\/index.php?rest_route=%2Fwp%2Fv2%2Fmedia&parent=176"}],"curies":[{"name":"wp","href":"https:\/\/api.w.org\/{rel}","templated":true}]}}